{"id":1900,"date":"2022-12-07T13:51:43","date_gmt":"2022-12-07T13:51:43","guid":{"rendered":"https:\/\/tistyleit.com\/privacy\/"},"modified":"2022-12-07T13:51:43","modified_gmt":"2022-12-07T13:51:43","slug":"privacy","status":"publish","type":"page","link":"https:\/\/tistyleit.com\/fr\/privacy\/","title":{"rendered":"Privacy"},"content":{"rendered":"<h2><strong>INFORMATIVA PRIVACY<\/strong><\/h2>\n<p>Benvenuto!<br \/>\nQuando navighi all\u2019interno del sito di TiStyleiT potremo raccogliere alcuni tuoi dati personali (di seguito \u201cDati\u201d). Ti invitiamo a leggere con attenzione le informazioni che seguono: descrivono i dati che raccogliamo, le finalit\u00e0 di utilizzo e i diritti che ti spettano in qualit\u00e0 di Interessato.<\/p>\n<p><strong>Chi \u00e8 il Titolare del trattamento? <\/strong><br \/>\nIl Titolare del trattamento dei tuoi dati personali (che definisce modalit\u00e0 e finalit\u00e0 del trattamento) \u00e9:<\/p>\n<p><strong>Ti Style it S.r.l.<\/strong>, Via Del Monte, 1 &#8211; 06024, Gubbio (PG), P.IVA 03382240541<br \/>\nIl titolare pu\u00f2 essere contattato inviando una comunicazione ai seguenti recapiti:<br \/>\nE-mail: <a href=\"mailto:info@tistyleit.com\">info@tistyleit.com<\/a><br \/>\nTelefono: +39 075 9275156 \/ +39 075 9255994<\/p>\n<p><strong>Quali categorie di Dati personali trattiamo?<\/strong><br \/>\nFra i Dati Personali raccolti da questo Sito Web, ottenuti esaminando la tua interazione con noi in modo autonomo o tramite terze parti, ci sono: Cookie e Dati di utilizzo. Tratteremo i dati personali che ci rilascerai solo per le finalit\u00e0 proprie e strettamente pertinenti ad ogni singolo servizio richiesto ed utilizzato. Potremmo utilizzare i tuoi dati per finalit\u00e0 ulteriori o diverse, solo previo consenso o, in talune limitate ipotesi, in presenza di un nostro interesse legittimo.<br \/>\nDettagli completi su ciascuna tipologia di dati raccolti sono forniti nelle sezioni dedicate di questa privacy policy.<br \/>\nNon ti chiederemo mai dati di natura sensibile (relativi a rivelare l\u2019origine razziale ed etnica, le convinzioni religiose, filosofiche, politiche, lo stato di salute, la vita sessuale, ecc.) n\u00e9 giudiziaria (dati in materia di casellario giudiziale, o afferenti alla qualit\u00e0 di imputato o di indagato, ecc.).<br \/>\nSe non diversamente specificato, i Dati richiesti da questo Sito Web sono obbligatori. Se l\u2019Utente rifiuta di comunicarli, potrebbe essere impossibile per questo Sito Web fornire il Servizio. Nei casi in cui questo Sito Web indichi alcuni Dati come facoltativi, gli Utenti sono liberi di astenersi dal comunicare tali Dati, senza che ci\u00f2 abbia alcuna conseguenza sulla disponibilit\u00e0 del Servizio o sulla sua operativit\u00e0.<br \/>\n<u>Cookie<\/u><br \/>\nUtilizziamo i cookie in alcune aree del sito. Ti chiediamo di prendere visione della Cookie Policy, da consultare unitamente a questa informativa.<br \/>\n<u>Social Network<\/u><br \/>\nSul nostro sito potresti trovare anche social buttons\/widgets, ovvero quei particolari \u00ab\u00a0pulsanti\u00a0\u00bb raffiguranti le icone di social network (ad esempio, Facebook ed Instagram) e social wall interattivi (che presentano contenuti provenienti dai social). Questi \u00ab\u00a0pulsanti\u00a0\u00bb consentono agli utenti che stanno navigando il nostro sito di interagire con un click direttamente con il social network, il quale acquisisce i dati relativi alla tua visita.<br \/>\nIn alcune aree del sito \u00e8 previsto anche il c.d. social login, che ti consente di accedere alla tua area riservata mediante l\u2019account del social network. Quando effettui il social login, accetti i termini, le condizioni di utilizzo e la privacy policy del social network stesso.<\/p>\n<p><strong>Per quali finalit\u00e0 trattiamo i tuoi Dati personali e quali sono le basi giuridiche? <\/strong><\/p>\n<table>\n<tbody>\n<tr>\n<td width=\"159\"><strong>TRATTAMENTO<\/strong><\/td>\n<td width=\"265\"><strong>FINALITA\u2019<\/strong><\/td>\n<td width=\"212\"><strong>BASE GIURIDICA<\/strong><\/td>\n<\/tr>\n<tr>\n<td width=\"159\"><strong>Navigazione sito web<\/strong><\/td>\n<td width=\"265\">Mentre visiti il nostro sito, i sistemi informatici preposti al funzionamento dello stesso acquisiscono alcuni dati (es. indirizzi IP, nomi a dominio, URI) la cui trasmissione \u00e8 implicita e necessaria al funzionamento di Internet.<\/td>\n<td width=\"212\">Prestazione dei servizi volti a consentire agli utenti la navigazione dei siti. Il legittimo interesse di Ti Style it a garantire il corretto funzionamento dei sistemi informatici e a procedere all\u2019accertamento dei possibili reati informatici (anche sulla base dell\u2019esistenza di un obbligo di legge).<\/td>\n<\/tr>\n<tr>\n<td width=\"159\"><strong>Cookie statistici anonimi<\/strong><\/td>\n<td width=\"265\">Cookie analitici\/statistici anonimi di prima e di terza parte, utilizzati per raccogliere informazioni, in forma anonimizzata, sul modo in cui gli utenti visitano il Sito e tenere traccia del traffico da e verso il Sito.<\/p>\n<p><strong>\u00a0<\/strong><\/td>\n<td width=\"212\">Il tuo consenso che potrai revocare in ogni momento.<\/td>\n<\/tr>\n<\/tbody>\n<\/table>\n<p><strong>Quale \u00e8 la modalit\u00e0 e il luogo del trattamento dei Dati raccolti?<\/strong><br \/>\n<u>Modalit\u00e0 di trattamento<\/u><br \/>\nIl Titolare adotta le opportune misure di sicurezza volte ad impedire l\u2019accesso, la divulgazione, la modifica o la distruzione non autorizzate dei Dati Personali. Il trattamento viene effettuato mediante strumenti informatici e\/o telematici, con modalit\u00e0 organizzative e con logiche strettamente correlate alle finalit\u00e0 indicate. Oltre al Titolare, in alcuni casi, potrebbero avere accesso ai Dati altri soggetti coinvolti nell\u2019organizzazione di questo Sito Web (personale amministrativo, commerciale, marketing, legali, amministratori di sistema) ovvero soggetti esterni (come fornitori di servizi tecnici terzi, corrieri postali, hosting provider, societ\u00e0 informatiche, agenzie di comunicazione) nominati anche, se necessario, Responsabili del Trattamento da parte del Titolare. L\u2019elenco aggiornato dei Responsabili potr\u00e0 sempre essere richiesto al Titolare del Trattamento.<br \/>\n<u>Luogo<\/u><br \/>\nI Dati sono trattati presso le sedi operative del Titolare ed in ogni altro luogo in cui le parti coinvolte nel trattamento siano localizzate. Per ulteriori informazioni, contatta il Titolare. I Dati Personali dell\u2019Utente potrebbero essere trasferiti in un paese diverso da quello in cui l\u2019Utente si trova.<br \/>\nL\u2019Utente ha diritto a ottenere informazioni in merito alla base giuridica dell\u2019eventuale trasferimento di Dati al di fuori dell\u2019Unione Europea, nonch\u00e9 in merito alle misure di sicurezza adottate dal Titolare per proteggere i Dati.<\/p>\n<p><strong>Qual\u2019\u00e8 il periodo di conservazione dei Dati?<\/strong><br \/>\nI Dati sono trattati e conservati per il tempo richiesto dalle finalit\u00e0 per le quali sono stati raccolti.<br \/>\nPertanto:<\/p>\n<ul>\n<li>I Dati Personali raccolti per finalit\u00e0 riconducibili all\u2019interesse legittimo del Titolare saranno trattenuti sino al soddisfacimento di tale interesse. L\u2019Utente pu\u00f2 ottenere ulteriori informazioni in merito all\u2019interesse legittimo perseguito dal Titolare nelle relative sezioni di questo documento.<\/li>\n<li>Quando il trattamento \u00e8 basato sul consenso dell\u2019Utente, il Titolare pu\u00f2 conservare i Dati Personali pi\u00f9 a lungo sino a quando detto consenso non venga revocato.<\/li>\n<li>Inoltre, il Titolare potrebbe essere obbligato a conservare i Dati Personali per un periodo pi\u00f9 lungo in ottemperanza ad un obbligo di legge o per ordine di un\u2019autorit\u00e0. Al termine del periodo di conservazione i Dati Personali saranno cancellati. Pertanto, allo spirare di tale termine il diritto di accesso, cancellazione, rettificazione ed il diritto alla portabilit\u00e0 dei Dati non potranno pi\u00f9 essere esercitati.<\/li>\n<\/ul>\n<p><strong>A chi comunichiamo i tuoi Dati? <\/strong><br \/>\nPer il raggiungimento delle finalit\u00e0 di trattamento sopra indicate, i dati personali raccolti potranno essere comunicati a:<\/p>\n<ul>\n<li>Personale di Ti Style iT incaricati della gestione dei servizi disponibili sul sito web;<\/li>\n<li>Fornitori e consulenti di Ti Style iT, nominati responsabili del trattamento ai sensi dell\u2019art. 28 del Regolamento UE 2016\/679 (di seguito anche solo \u201cGDPR\u201d);<\/li>\n<li>Soggetti ai quali la facolt\u00e0 di accedere agli stessi sia accordata da disposizioni di legge o di regolamenti (es. autorit\u00e0 di pubblica sicurezza).<\/li>\n<\/ul>\n<p>La lista dei soggetti nominati Responsabili del trattamento pu\u00f2 essere richiesta scrivendo all\u2019indirizzo <a href=\"mailto:info@tistyleit.com\">info@tistyleit.com<\/a><\/p>\n<p><strong>Trasferiamo in paesi extra UE i tuoi Dati personali? <\/strong><\/p>\n<p>I dati personali raccolti potranno essere trasferiti al di fuori dell\u2019Unione Europea. In tal caso, il trasferimento avverr\u00e0 nel rispetto delle disposizioni del GDPR (in particolare, i dati verranno trasferiti soltanto previa sottoscrizione delle Clausole Contrattuali Standard approvate dalla Commissione UE con decisione n.2021\/914\/UE oppure verso paesi in grado di garantire un adeguato livello di protezione dei dati personali e destinatari quindi di una Decisione di Adeguatezza adottata dalla Commissione UE).<\/p>\n<p><strong>Quali sono i diritti che puoi esercitare in qualit\u00e0 di interessato? <\/strong><br \/>\nPuoi esercitare i diritti che il GDPR ti garantisce riguardo i tuoi dati personali scrivendo a \u202f<a href=\"mailto:info@tistyleit.com\">info@tistyleit.com<\/a>. Ci impegniamo a dare riscontro alla tua richiesta nel pi\u00f9 breve tempo possibile e comunque non oltre il termine di trenta giorni dal ricevimento della tua segnalazione. In taluni casi, ti richiederemo una copia di un documento identificativo, qualora, in relazione alla tua richiesta, si renda necessario verificare la tua identit\u00e0. In particolare, puoi esercitare i seguenti diritti:<\/p>\n<ul>\n<li style=\"list-style-type: none;\">\n<ul>\n<li><u>Diritto di accesso<\/u>, ossia il diritto di sapere se \u00e8 in corso un trattamento di dati personali che ti riguardano e, se confermato, di ottenere una copia di tali dati ed essere informato su: l\u2019origine dei dati, le categorie di dati personali trattate, i destinatari dei dati, le finalit\u00e0 del trattamento, l\u2019esistenza di un processo decisionale automatizzato (compresa la profilazione), il periodo di conservazione dei dati, i diritti previsti dal GDPR;<\/li>\n<li><u>Diritto di chiedere la rettifica o l\u2019integrazione dei tuoi dati<\/u>;<\/li>\n<li><u>Diritto di chiedere la cancellazione dei dati personali<\/u> qualora tali dati non fossero pi\u00f9 necessari per le finalit\u00e0 per le quali sono stati raccolti, o qualora non fossimo pi\u00f9 autorizzati a trattarli;<\/li>\n<li><u>Diritto di ottenere la limitazione del trattamento dei dati personali<\/u> nei seguenti casi: i) hai contestato l\u2019esattezza dei dati personali. Puoi richiedere una limitazione del trattamento per il periodo necessario a verificare l\u2019esattezza dei dati; ii) non siamo pi\u00f9 autorizzati a trattare i dati, e invece di cancellarli, puoi chiederci di limitarne l\u2019utilizzo; iii) qualora i dati personali in nostro possesso, nonostante non siano pi\u00f9 necessari per le finalit\u00e0 per le quali sono stati raccolti, siano per te necessari per l\u2019accertamento, l\u2019esercizio o la difesa di un diritto in sede giudiziaria;<\/li>\n<li><u>Diritto alla portabilit\u00e0 dei dati<\/u>, ossia il diritto di ricevere in un formato strutturato, di uso comune e leggibile da dispositivo automatico i dati personali che ti riguardano, nonch\u00e9 il diritto di chiedere che tali dati siano trasmessi ad un altro Titolare;<\/li>\n<li><u>Diritto di revocare il consenso<\/u>, per i trattamenti che si fondano su di esso;<\/li>\n<li><u>Diritto di opporti in qualsiasi momento al trattamento dei tuoi dati personali<\/u> basato su di un nostro legittimo interesse.<\/li>\n<li><u>Hai altres\u00ec il diritto di proporre reclamo alla competente autorit\u00e0 di controllo<\/u> in materia di protezione dei dati qualora ritenessi che il trattamento dei tuoi dati avvenga in contrasto con le disposizioni del GDPR.<\/li>\n<\/ul>\n<\/li>\n<\/ul>\n","protected":false},"excerpt":{"rendered":"<p>INFORMATIVA PRIVACY Benvenuto! Quando navighi all\u2019interno del sito di TiStyleiT potremo raccogliere alcuni tuoi dati personali (di seguito \u201cDati\u201d). Ti invitiamo a leggere con attenzione le<span class=\"excerpt-hellip\"> [\u2026]<\/span><\/p>\n","protected":false},"author":2,"featured_media":0,"parent":0,"menu_order":0,"comment_status":"closed","ping_status":"closed","template":"","meta":{"footnotes":""},"class_list":["post-1900","page","type-page","status-publish","hentry"],"_links":{"self":[{"href":"https:\/\/tistyleit.com\/fr\/wp-json\/wp\/v2\/pages\/1900","targetHints":{"allow":["GET"]}}],"collection":[{"href":"https:\/\/tistyleit.com\/fr\/wp-json\/wp\/v2\/pages"}],"about":[{"href":"https:\/\/tistyleit.com\/fr\/wp-json\/wp\/v2\/types\/page"}],"author":[{"embeddable":true,"href":"https:\/\/tistyleit.com\/fr\/wp-json\/wp\/v2\/users\/2"}],"replies":[{"embeddable":true,"href":"https:\/\/tistyleit.com\/fr\/wp-json\/wp\/v2\/comments?post=1900"}],"version-history":[{"count":0,"href":"https:\/\/tistyleit.com\/fr\/wp-json\/wp\/v2\/pages\/1900\/revisions"}],"wp:attachment":[{"href":"https:\/\/tistyleit.com\/fr\/wp-json\/wp\/v2\/media?parent=1900"}],"curies":[{"name":"wp","href":"https:\/\/api.w.org\/{rel}","templated":true}]}}

<h2><strong>INFORMATIVA PRIVACY</strong></h2>
<p>Benvenuto!<br />
Quando navighi all’interno del sito di TiStyleiT potremo raccogliere alcuni tuoi dati personali (di seguito “Dati”). Ti invitiamo a leggere con attenzione le informazioni che seguono: descrivono i dati che raccogliamo, le finalità di utilizzo e i diritti che ti spettano in qualità di Interessato.</p>
<p><strong>Chi è il Titolare del trattamento? </strong><br />
Il Titolare del trattamento dei tuoi dati personali (che definisce modalità e finalità del trattamento) é:</p>
<p><strong>Ti Style it S.r.l.</strong>, Via Del Monte, 1 &#8211; 06024, Gubbio (PG), P.IVA 03382240541<br />
Il titolare può essere contattato inviando una comunicazione ai seguenti recapiti:<br />
E-mail: <a href="mailto:info@tistyleit.com">info@tistyleit.com</a><br />
Telefono: +39 075 9275156 / +39 075 9255994</p>
<p><strong>Quali categorie di Dati personali trattiamo?</strong><br />
Fra i Dati Personali raccolti da questo Sito Web, ottenuti esaminando la tua interazione con noi in modo autonomo o tramite terze parti, ci sono: Cookie e Dati di utilizzo. Tratteremo i dati personali che ci rilascerai solo per le finalità proprie e strettamente pertinenti ad ogni singolo servizio richiesto ed utilizzato. Potremmo utilizzare i tuoi dati per finalità ulteriori o diverse, solo previo consenso o, in talune limitate ipotesi, in presenza di un nostro interesse legittimo.<br />
Dettagli completi su ciascuna tipologia di dati raccolti sono forniti nelle sezioni dedicate di questa privacy policy.<br />
Non ti chiederemo mai dati di natura sensibile (relativi a rivelare l’origine razziale ed etnica, le convinzioni religiose, filosofiche, politiche, lo stato di salute, la vita sessuale, ecc.) né giudiziaria (dati in materia di casellario giudiziale, o afferenti alla qualità di imputato o di indagato, ecc.).<br />
Se non diversamente specificato, i Dati richiesti da questo Sito Web sono obbligatori. Se l’Utente rifiuta di comunicarli, potrebbe essere impossibile per questo Sito Web fornire il Servizio. Nei casi in cui questo Sito Web indichi alcuni Dati come facoltativi, gli Utenti sono liberi di astenersi dal comunicare tali Dati, senza che ciò abbia alcuna conseguenza sulla disponibilità del Servizio o sulla sua operatività.<br />
<u>Cookie</u><br />
Utilizziamo i cookie in alcune aree del sito. Ti chiediamo di prendere visione della Cookie Policy, da consultare unitamente a questa informativa.<br />
<u>Social Network</u><br />
Sul nostro sito potresti trovare anche social buttons/widgets, ovvero quei particolari « pulsanti » raffiguranti le icone di social network (ad esempio, Facebook ed Instagram) e social wall interattivi (che presentano contenuti provenienti dai social). Questi « pulsanti » consentono agli utenti che stanno navigando il nostro sito di interagire con un click direttamente con il social network, il quale acquisisce i dati relativi alla tua visita.<br />
In alcune aree del sito è previsto anche il c.d. social login, che ti consente di accedere alla tua area riservata mediante l’account del social network. Quando effettui il social login, accetti i termini, le condizioni di utilizzo e la privacy policy del social network stesso.</p>
<p><strong>Per quali finalità trattiamo i tuoi Dati personali e quali sono le basi giuridiche? </strong></p>
<table>
<tbody>
<tr>
<td width="159"><strong>TRATTAMENTO</strong></td>
<td width="265"><strong>FINALITA’</strong></td>
<td width="212"><strong>BASE GIURIDICA</strong></td>
</tr>
<tr>
<td width="159"><strong>Navigazione sito web</strong></td>
<td width="265">Mentre visiti il nostro sito, i sistemi informatici preposti al funzionamento dello stesso acquisiscono alcuni dati (es. indirizzi IP, nomi a dominio, URI) la cui trasmissione è implicita e necessaria al funzionamento di Internet.</td>
<td width="212">Prestazione dei servizi volti a consentire agli utenti la navigazione dei siti. Il legittimo interesse di Ti Style it a garantire il corretto funzionamento dei sistemi informatici e a procedere all’accertamento dei possibili reati informatici (anche sulla base dell’esistenza di un obbligo di legge).</td>
</tr>
<tr>
<td width="159"><strong>Cookie statistici anonimi</strong></td>
<td width="265">Cookie analitici/statistici anonimi di prima e di terza parte, utilizzati per raccogliere informazioni, in forma anonimizzata, sul modo in cui gli utenti visitano il Sito e tenere traccia del traffico da e verso il Sito.</p>
<p><strong> </strong></td>
<td width="212">Il tuo consenso che potrai revocare in ogni momento.</td>
</tr>
</tbody>
</table>
<p><strong>Quale è la modalità e il luogo del trattamento dei Dati raccolti?</strong><br />
<u>Modalità di trattamento</u><br />
Il Titolare adotta le opportune misure di sicurezza volte ad impedire l’accesso, la divulgazione, la modifica o la distruzione non autorizzate dei Dati Personali. Il trattamento viene effettuato mediante strumenti informatici e/o telematici, con modalità organizzative e con logiche strettamente correlate alle finalità indicate. Oltre al Titolare, in alcuni casi, potrebbero avere accesso ai Dati altri soggetti coinvolti nell’organizzazione di questo Sito Web (personale amministrativo, commerciale, marketing, legali, amministratori di sistema) ovvero soggetti esterni (come fornitori di servizi tecnici terzi, corrieri postali, hosting provider, società informatiche, agenzie di comunicazione) nominati anche, se necessario, Responsabili del Trattamento da parte del Titolare. L’elenco aggiornato dei Responsabili potrà sempre essere richiesto al Titolare del Trattamento.<br />
<u>Luogo</u><br />
I Dati sono trattati presso le sedi operative del Titolare ed in ogni altro luogo in cui le parti coinvolte nel trattamento siano localizzate. Per ulteriori informazioni, contatta il Titolare. I Dati Personali dell’Utente potrebbero essere trasferiti in un paese diverso da quello in cui l’Utente si trova.<br />
L’Utente ha diritto a ottenere informazioni in merito alla base giuridica dell’eventuale trasferimento di Dati al di fuori dell’Unione Europea, nonché in merito alle misure di sicurezza adottate dal Titolare per proteggere i Dati.</p>
<p><strong>Qual’è il periodo di conservazione dei Dati?</strong><br />
I Dati sono trattati e conservati per il tempo richiesto dalle finalità per le quali sono stati raccolti.<br />
Pertanto:</p>
<ul>
<li>I Dati Personali raccolti per finalità riconducibili all’interesse legittimo del Titolare saranno trattenuti sino al soddisfacimento di tale interesse. L’Utente può ottenere ulteriori informazioni in merito all’interesse legittimo perseguito dal Titolare nelle relative sezioni di questo documento.</li>
<li>Quando il trattamento è basato sul consenso dell’Utente, il Titolare può conservare i Dati Personali più a lungo sino a quando detto consenso non venga revocato.</li>
<li>Inoltre, il Titolare potrebbe essere obbligato a conservare i Dati Personali per un periodo più lungo in ottemperanza ad un obbligo di legge o per ordine di un’autorità. Al termine del periodo di conservazione i Dati Personali saranno cancellati. Pertanto, allo spirare di tale termine il diritto di accesso, cancellazione, rettificazione ed il diritto alla portabilità dei Dati non potranno più essere esercitati.</li>
</ul>
<p><strong>A chi comunichiamo i tuoi Dati? </strong><br />
Per il raggiungimento delle finalità di trattamento sopra indicate, i dati personali raccolti potranno essere comunicati a:</p>
<ul>
<li>Personale di Ti Style iT incaricati della gestione dei servizi disponibili sul sito web;</li>
<li>Fornitori e consulenti di Ti Style iT, nominati responsabili del trattamento ai sensi dell’art. 28 del Regolamento UE 2016/679 (di seguito anche solo “GDPR”);</li>
<li>Soggetti ai quali la facoltà di accedere agli stessi sia accordata da disposizioni di legge o di regolamenti (es. autorità di pubblica sicurezza).</li>
</ul>
<p>La lista dei soggetti nominati Responsabili del trattamento può essere richiesta scrivendo all’indirizzo <a href="mailto:info@tistyleit.com">info@tistyleit.com</a></p>
<p><strong>Trasferiamo in paesi extra UE i tuoi Dati personali? </strong></p>
<p>I dati personali raccolti potranno essere trasferiti al di fuori dell’Unione Europea. In tal caso, il trasferimento avverrà nel rispetto delle disposizioni del GDPR (in particolare, i dati verranno trasferiti soltanto previa sottoscrizione delle Clausole Contrattuali Standard approvate dalla Commissione UE con decisione n.2021/914/UE oppure verso paesi in grado di garantire un adeguato livello di protezione dei dati personali e destinatari quindi di una Decisione di Adeguatezza adottata dalla Commissione UE).</p>
<p><strong>Quali sono i diritti che puoi esercitare in qualità di interessato? </strong><br />
Puoi esercitare i diritti che il GDPR ti garantisce riguardo i tuoi dati personali scrivendo a  <a href="mailto:info@tistyleit.com">info@tistyleit.com</a>. Ci impegniamo a dare riscontro alla tua richiesta nel più breve tempo possibile e comunque non oltre il termine di trenta giorni dal ricevimento della tua segnalazione. In taluni casi, ti richiederemo una copia di un documento identificativo, qualora, in relazione alla tua richiesta, si renda necessario verificare la tua identità. In particolare, puoi esercitare i seguenti diritti:</p>
<ul>
<li style="list-style-type: none;">
<ul>
<li><u>Diritto di accesso</u>, ossia il diritto di sapere se è in corso un trattamento di dati personali che ti riguardano e, se confermato, di ottenere una copia di tali dati ed essere informato su: l’origine dei dati, le categorie di dati personali trattate, i destinatari dei dati, le finalità del trattamento, l’esistenza di un processo decisionale automatizzato (compresa la profilazione), il periodo di conservazione dei dati, i diritti previsti dal GDPR;</li>
<li><u>Diritto di chiedere la rettifica o l’integrazione dei tuoi dati</u>;</li>
<li><u>Diritto di chiedere la cancellazione dei dati personali</u> qualora tali dati non fossero più necessari per le finalità per le quali sono stati raccolti, o qualora non fossimo più autorizzati a trattarli;</li>
<li><u>Diritto di ottenere la limitazione del trattamento dei dati personali</u> nei seguenti casi: i) hai contestato l’esattezza dei dati personali. Puoi richiedere una limitazione del trattamento per il periodo necessario a verificare l’esattezza dei dati; ii) non siamo più autorizzati a trattare i dati, e invece di cancellarli, puoi chiederci di limitarne l’utilizzo; iii) qualora i dati personali in nostro possesso, nonostante non siano più necessari per le finalità per le quali sono stati raccolti, siano per te necessari per l’accertamento, l’esercizio o la difesa di un diritto in sede giudiziaria;</li>
<li><u>Diritto alla portabilità dei dati</u>, ossia il diritto di ricevere in un formato strutturato, di uso comune e leggibile da dispositivo automatico i dati personali che ti riguardano, nonché il diritto di chiedere che tali dati siano trasmessi ad un altro Titolare;</li>
<li><u>Diritto di revocare il consenso</u>, per i trattamenti che si fondano su di esso;</li>
<li><u>Diritto di opporti in qualsiasi momento al trattamento dei tuoi dati personali</u> basato su di un nostro legittimo interesse.</li>
<li><u>Hai altresì il diritto di proporre reclamo alla competente autorità di controllo</u> in materia di protezione dei dati qualora ritenessi che il trattamento dei tuoi dati avvenga in contrasto con le disposizioni del GDPR.</li>
</ul>
</li>
</ul>
